1
Let w(y) = -7*y. Suppose -33 = 2*a + 4*z - z, 2*a + 5*z + 23 = 0. Let u = a - -30. Suppose 2*v = -5*j + 17, -3*v - 3*j + 2*j = -u. What is w(v)?
-7
Let c(b) = -8*b**3 - 2*b**2 - 2*b - 1. Suppose -61 = 4*k - 5*k. Let t = k - 62. Determine c(t).
7
Let m(r) = -r**3 - 4*r**2 - r - 2. Suppose -2*c - 36 = -4*c - 4*p, -4*c = 5*p - 75. Suppose -24*s - 12 = -c*s. Determine m(s).
-8
Let z(l) = -l**2 - l. Let i(a) = 2*a**2 + 14*a + 12. Let k(f) = i(f) + z(f). What is k(-13)?
12
Let b be (25/15)/((-5)/(-6)). Let j(r) = -4*r**2 + 4*r + 1 - b + r**3 - 3. Determine j(3).
-1
Let p(x) = -x**2 + 13*x - 5. Let m = 268 + -254. Calculate p(m).
-19
Let i = 459 + -447. Let c(x) = -x**3 + 12*x**2 + x - 6. Determine c(i).
6
Let a(f) = f - 6. Let n(q) = 5*q + 3. Let b be n(5). Let m = -22 + b. Calculate a(m).
0
Suppose 5*w = -9*o + 5*o + 11, w = o + 4. Let i(p) = 9*p - 1. Give i(o).
-10
Let w(k) = 3*k**2 - 5*k - 9. Let a(g) be the first derivative of -2*g**3/3 + 3*g**2 + 9*g - 26. Let c(x) = 4*a(x) + 3*w(x). What is c(-6)?
-9
Let x(o) = 3*o + 11. Let l(f) = f + 1. Let v(g) = 6*l(g) - x(g). Determine v(4).
7
Let d(h) = -h**3 - 7*h**2 + 4*h + 7. Let o(u) = -3*u**3 - 21*u**2 + 13*u + 21. Let g(q) = 7*d(q) - 2*o(q). Let c be 4/18 - (-130)/(-18). Give g(c).
-7
Let y(h) = -h**2 + 3*h - 1. Let v(w) = 0 + 1 + w - 5 + 3. Let d(m) = 3*v(m) - y(m). Suppose -q + 3 = 5*x, 0*q + 3 = -3*q - 3*x. Give d(q).
2
Let w(z) = z**3 - 12*z**2 + z - 7. Let j(y) be the third derivative of y**5/60 + y**4/24 + 8*y**2. Let h(n) = -6*j(n) - w(n). What is h(5)?
-3
Let c = -1 - -3. Let x be c/4*(11 + 1). Let q(a) be the second derivative of -a**4/12 + a**3 + 3*a**2 - 2*a + 1. What is q(x)?
6
Let v be 0 - -1 - (-6608)/(-6720). Let h(t) be the third derivative of 3/8*t**4 - 11*t**2 + 0*t + 0 + v*t**5 + 5/6*t**3. Give h(-7).
-9
Let u(l) = 14 + 0*l**2 + l**2 + 7 - 2. Let f(q) = 2*q**2 - 14*q + 24. Let i be f(4). What is u(i)?
19
Let z(o) = 6*o**2 - 1 + o**2 - 2*o**2 + 2*o - 4*o**2. Let u be z(-3). Let b be (u/3)/(20/(-90)). Let m(w) = w**2 - w - 4. What is m(b)?
8
Let x(n) = -n**2 + 2*n - 6. Let c(v) = v. Let w(j) = 5*c(j) + x(j). Let y = 128 - 124. Calculate w(y).
6
Suppose 3*y - 1 = o, -17*o = -4*y - 20*o + 23. Let n(m) be the first derivative of -6 + 1/4*m**4 + m**2 + 0*m + y*m**3. What is n(-5)?
15
Let i(m) be the third derivative of -m**5/30 + m**4/4 + 7*m**3/6 - 7*m**2 + 1. Suppose 4*h - l - 22 = 0, 0 = 2*h - 4*h + 5*l + 20. Give i(h).
-13
Let a(g) = 32*g**2 + 2*g + 1. Let k(o) = -o**2 - 12*o - 28. Let h be k(-9). Calculate a(h).
31
Let r(c) = 31*c**3 + 217*c**2 + 2*c + 12. Let y be r(-7). Let v(w) be the first derivative of -w**4/4 - w**3 - w**2 - 3*w + 2. What is v(y)?
-3
Suppose 0 = 12*q - 9*q + 6. Let t(x) = -5*x - 3. Give t(q).
7
Suppose 11 = -2*z - 7. Let j(g) = 14*g**2 - 33*g**2 - 9*g + 18*g**2 - 3. Determine j(z).
-3
Let j(u) be the third derivative of -u**5/60 + u**3/3 - 21*u**2. Let p be (0 + -2)/(-1) + -2. Suppose 5*r = -p*r. Give j(r).
2
Let h(j) be the third derivative of j**7/2520 - j**6/120 - j**5/40 - j**4/8 - 11*j**2. Let s(d) be the second derivative of h(d). Calculate s(6).
-3
Let t(b) be the second derivative of b**7/2520 + b**6/80 + b**5/15 - 5*b**4/3 - 8*b. Let m(k) be the third derivative of t(k). What is m(-8)?
0
Let d(b) = -4*b + 36. Let n be d(11). Let z(m) = 2*m**2 + 15*m - 14. Let i be z(n). Let w(o) = -3*o + 5. Determine w(i).
23
Let f(x) = -x**2 + 2*x + 5. Let v = 1234 - 1229. Calculate f(v).
-10
Let y = -339 - -335. Let x(i) = -12*i + 5. Determine x(y).
53
Suppose 4*h - 2*h - 26 = -4*t, 0 = -4*h - 12. Let x(z) = z + 0*z + 2 - t. Suppose 15*i = 10*i + 30. What is x(i)?
0
Let q(x) = x**3 - 6*x**2 + 12*x - 7. Let k be q(4). Let a(h) = h + 1. Let d(w) = 8. Let b(p) = -a(p) + d(p). What is b(k)?
-2
Suppose 2 + 1 = v. Suppose -1 - v = o. Let m(p) be the second derivative of p**3/3 + 3*p**2/2 + p - 18. Determine m(o).
-5
Let y(s) = -22 + s**3 - 2*s**2 + 21 + 6*s**2 - 5*s. Let f(p) = -p**3 + p + 1. Let v(r) = -2*f(r) - y(r). Calculate v(3).
-1
Let x = -52 - -58. Suppose b + 0*h = -h + x, 4*b = -5*h + 26. Let n(u) = -4*u + 5. Calculate n(b).
-11
Let l(h) be the third derivative of -h**4/24 + 5*h**3/6 + 345*h**2. Let o = 4 + -3. Let c = o + -1. Calculate l(c).
5
Let o(k) = 2*k**2 + 4*k + 12. Let h(b) = -4*b**2 - 7*b - 25. Let l(s) = -3*h(s) - 5*o(s). Let y(f) be the first derivative of l(f). Determine y(1).
5
Let t(f) = -11*f**2 + f. Let o(y) = y**3 - 8*y**2 - 9*y - 1. Let k be o(9). What is t(k)?
-12
Suppose -4*i = 5*q - 31, -i + 4 + 6 = 2*q. Let c(o) = o + 2*o - q + 2*o - 4*o. Give c(0).
-3
Let j be (6/15 - 0)/((-1)/(-5)). Let a(f) = 4*f**2 - f. What is a(j)?
14
Let b be (-28 - -32)*1*-2. Let z(t) = -t. Let k(q) = -q**3 - 8*q**2 - q + 5. Let w(o) = k(o) - 4*z(o). What is w(b)?
-19
Let o be (-136)/(-3) + 20/(-15). Let s = o + -46. Let u(g) = -g**3 + g**2 - g - 1. Determine u(s).
13
Let a(j) = -j**2 - 6*j - 3. Let w be -4 + 1 - 3/1. Calculate a(w).
-3
Let x(i) be the first derivative of -6*i**4 - 2 - 2/3*i**3 - i**2 - i. Calculate x(-1).
23
Let p(a) = -3*a + 1. Let u(s) = -s**2 - 4*s + 1. Let k(z) = 5*p(z) - 4*u(z). Let n be 0/(-2) - 2/2. Calculate k(n).
4
Let l = 109 + -124. Let y(s) = s + 18. Give y(l).
3
Let y(i) = 17*i**2 - 28*i + 17. Let p(u) = 24*u**2 - 42*u + 25. Let o(h) = -5*p(h) + 7*y(h). Calculate o(14).
-6
Let o be ((-5)/(25/(-20)))/1. Suppose 5 = o*n - 7. Let u(r) = -r**2 + 2*r + 4. Calculate u(n).
1
Let i = 1 - 1. Suppose i = -j + 2*j. Let u(f) = 17*f**3 + 3*f**2 - 18*f**3 + 1 + j*f - 7*f**2 + f. Determine u(-4).
-3
Let n be 3 - (16 + 2)*-1. Suppose n = 7*w - 4*w. Suppose 0 = 5*q + 3 + w. Let s(x) = x**3 - 3*x**2 - 4*x - 3. What is s(q)?
-15
Let l(c) be the third derivative of -1/10*c**5 - 1/120*c**6 + 0*c**4 + 0*c + 0 + 0*c**3 + 39*c**2. What is l(-6)?
0
Let h be (-35*16/(-224))/((-5)/(-12)). Let r(l) be the third derivative of 2/3*l**3 - 1/120*l**h + 0 - 5/24*l**4 - 4*l**2 - 1/10*l**5 + 0*l. Calculate r(-5).
4
Let x(r) be the second derivative of r**4/12 - r**3/3 - 3*r**2/2 + 52*r. Give x(3).
0
Let t be -4*1*33/12. Let y = 14 + t. Let c(d) = -y - 4*d + 0*d - 4*d. Determine c(-2).
13
Let q(s) be the third derivative of -1/6*s**3 + 0 + 34*s**2 + 1/60*s**5 - 1/120*s**6 + 0*s**4 + 0*s. Determine q(2).
-5
Let o(r) be the third derivative of -r**4/8 - 8*r**3/3 - 4*r**2. Let u(t) = 2*t + 15. Let q(n) = 3*o(n) + 4*u(n). Give q(0).
12
Let q = -1233 + 1242. Let k(n) = -8*n - 2. What is k(q)?
-74
Let f(c) = -21 + 20 - 14*c**2 + 8*c + 7*c - 17*c. What is f(-1)?
-13
Let u be ((-5)/(-10))/((-102)/(-20) + -5). Let h(k) = -k + 9. Give h(u).
4
Let c(v) be the first derivative of -v**5/40 - 5*v**4/24 + 2*v**3/3 + 7. Let s(w) be the third derivative of c(w). Let h be 3/(-2 + 10/8). Calculate s(h).
7
Let l(v) = 5*v**2 + 7*v + 7. Let n(r) = 5*r**2 + 6*r + 4. Let y(f) = -2*l(f) + 3*n(f). Give y(-1).
-1
Let i be 175/21 - (-1)/(-3). Suppose i = 4*p + 4. Let x(h) = -2*h**3 + h**2 + h - 1. Determine x(p).
-1
Let y(o) = -6*o**3 + 2*o**2 - 4*o - 19. Let d(m) = 18*m**3 - 6*m**2 + 11*m + 54. Let a(x) = -6*d(x) - 17*y(x). Determine a(-2).
51
Suppose -17*v + 21*v + 8 = 0. Let o(y) = -3*y**2 + y - 1. What is o(v)?
-15
Let b(y) = 12*y - 16 - 5 - 7*y. Determine b(5).
4
Let j(t) = t**3 + 24*t**2 - 29*t - 45. Let z be j(-25). Let r = 53 - z. Let g(f) = 2*f**3 - f - 1. What is g(r)?
-15
Let k be (-5)/(-10) + 6/4. Let x(w) = 5*w - w**k - w - 4 - 3*w. Suppose 8 = -5*r + 2*a + 2, 4*a = 4*r + 12. Calculate x(r).
-4
Suppose 0 = 12*p - 2*p. Suppose p = f - 6 + 4. Let i(u) = 1 - 3*u + 3*u**2 + u - u**3 + 0*u. Determine i(f).
1
Let a be -2*(-4)/24*-6. Let u(y) = -3 - 2*y + 7*y - 5*y - y. What is u(a)?
-1
Let d be -12 + 13 - (0 + -1). Let s(f) = f**3 + 2 - 5*f**d - 6 + 2 - 2. Suppose 25 = 3*l + 4*c + 6, -7 = -l - 2*c. What is s(l)?
-4
Let r(o) = 23*o. Let u = -2267 - -2266. Give r(u).
-23
Let c(k) = k**3 + 2*k - 1. Suppose -2*h + 139 - 143 = 0. What is c(h)?
-13
Suppose 4*d + 8 = 2*q, 5*d + 2*q = d. Let c be d + (-2 - (-36)/3). Let u(p) = 0*p**2 - 11*p**2 + 2*p**2 + 8 + p + p**3 + 0*p**2 - 13. Calculate u(c).
4
Let f(u) = -u**3 - 2*u**2 + 7*u + 15. Let c be f(-3). Suppose -30 = 2*z - v - 2*v, c*v + 15 = -3*z. Let y(o) = o**3 + 10*o**2 + 6*o + 2. What is y(z)?
29
Let w(y) = -y + 2. Let d(x) = -12*x + 2